{"id":3004,"date":"2020-01-22T11:35:15","date_gmt":"2020-01-22T10:35:15","guid":{"rendered":"https:\/\/opussimplex.com\/?page_id=3004"},"modified":"2020-12-09T08:47:26","modified_gmt":"2020-12-09T07:47:26","slug":"munkajogi-es-szervezetfejlesztesi-esetek","status":"publish","type":"page","link":"https:\/\/opussimplex.com\/english\/munkajogi-es-szervezetfejlesztesi-esetek\/","title":{"rendered":"Cases"},"content":{"rendered":"<div class=\"vc_row wpb_row vc_row-fluid\"><div class=\"wpb_column vc_column_container vc_col-sm-12\"><div class=\"vc_column-inner\"><div class=\"wpb_wrapper\">\n<div class=\"vc_grid-container-wrapper vc_clearfix\">\n\t<div class=\"vc_grid-container vc_clearfix wpb_content_element vc_basic_grid\" data-initial-loading-animation=\"fadeIn\" data-vc-grid-settings=\"{&quot;page_id&quot;:3004,&quot;style&quot;:&quot;all&quot;,&quot;action&quot;:&quot;vc_get_vc_grid_data&quot;,&quot;shortcode_id&quot;:&quot;1607500088224-516e0f138f6c6f622c9275283bf4305a-1&quot;,&quot;tag&quot;:&quot;vc_basic_grid&quot;}\" data-vc-request=\"https:\/\/opussimplex.com\/wp-admin\/admin-ajax.php\" data-vc-post-id=\"3004\" data-vc-public-nonce=\"95f06b0d84\">\n\t\t<style data-type=\"vc_shortcodes-custom-css\">.vc_custom_1584005105368{background-position: center !important;background-repeat: no-repeat !important;background-size: contain !important;}<\/style><div class=\"vc_grid vc_row vc_grid-gutter-30px vc_pageable-wrapper vc_hook_hover\" data-vc-pageable-content=\"true\"><div class=\"vc_pageable-slide-wrapper vc_clearfix\" data-vc-grid-content=\"true\"><div class=\"vc_grid-item vc_clearfix post-kep-es-cim vc_col-sm-4\"><div class=\"vc_grid-item-mini vc_clearfix\"><div class=\"vc_gitem-animated-block  vc_gitem-animate vc_gitem-animate-fadeIn\"  data-vc-animation=\"fadeIn\"\"><div class=\"vc_gitem-zone vc_gitem-zone-a vc-gitem-zone-height-mode-auto vc-gitem-zone-height-mode-auto-1-1 vc_gitem-is-link\" style=\"background-image: url('https:\/\/opussimplex.com\/wp-content\/uploads\/2017\/02\/pic13-1024x683.jpg') !important;\"><a href=\"https:\/\/opussimplex.com\/english\/restrukturalas\/\" title=\"Restructuring\" class=\"vc_gitem-link vc-zone-link\"><\/a><img decoding=\"async\" src=\"https:\/\/opussimplex.com\/wp-content\/uploads\/2017\/02\/pic13-1024x683.jpg\" class=\"vc_gitem-zone-img\" alt=\"\"><div class=\"vc_gitem-zone-mini\"><div class=\"vc_gitem_row vc_row vc_gitem-row-position-top\"><div class=\"vc_col-sm-12 vc_gitem-col vc_gitem-col-align-\"><div class=\"vc_custom_heading post-kep-es-cim vc_custom_1584005105368 vc_gitem-post-data vc_gitem-post-data-source-post_title\" ><div style=\"text-align: left\" ><a href=\"https:\/\/opussimplex.com\/english\/restrukturalas\/\" class=\"vc_gitem-link\" title=\"Restructuring\">Restructuring<\/a><\/div><\/div><\/div><\/div><\/div><\/div><\/div><\/div><div class=\"vc_clearfix\"><\/div><\/div><div class=\"vc_grid-item vc_clearfix post-kep-es-cim vc_col-sm-4\"><div class=\"vc_grid-item-mini vc_clearfix\"><div class=\"vc_gitem-animated-block  vc_gitem-animate vc_gitem-animate-fadeIn\"  data-vc-animation=\"fadeIn\"\"><div class=\"vc_gitem-zone vc_gitem-zone-a vc-gitem-zone-height-mode-auto vc-gitem-zone-height-mode-auto-1-1 vc_gitem-is-link\" style=\"background-image: url('https:\/\/opussimplex.com\/wp-content\/uploads\/2017\/02\/pic11-1024x683.jpg') !important;\"><a href=\"https:\/\/opussimplex.com\/english\/foglalkoztatasi-rendszer-kiepitese\/\" title=\"Building up an employment system\" class=\"vc_gitem-link vc-zone-link\"><\/a><img decoding=\"async\" src=\"https:\/\/opussimplex.com\/wp-content\/uploads\/2017\/02\/pic11-1024x683.jpg\" class=\"vc_gitem-zone-img\" alt=\"\"><div class=\"vc_gitem-zone-mini\"><div class=\"vc_gitem_row vc_row vc_gitem-row-position-top\"><div class=\"vc_col-sm-12 vc_gitem-col vc_gitem-col-align-\"><div class=\"vc_custom_heading post-kep-es-cim vc_custom_1584005105368 vc_gitem-post-data vc_gitem-post-data-source-post_title\" ><div style=\"text-align: left\" ><a href=\"https:\/\/opussimplex.com\/english\/foglalkoztatasi-rendszer-kiepitese\/\" class=\"vc_gitem-link\" title=\"Building up an employment system\">Building up an employment system<\/a><\/div><\/div><\/div><\/div><\/div><\/div><\/div><\/div><div class=\"vc_clearfix\"><\/div><\/div><div class=\"vc_grid-item vc_clearfix post-kep-es-cim vc_col-sm-4\"><div class=\"vc_grid-item-mini vc_clearfix\"><div class=\"vc_gitem-animated-block  vc_gitem-animate vc_gitem-animate-fadeIn\"  data-vc-animation=\"fadeIn\"\"><div class=\"vc_gitem-zone vc_gitem-zone-a vc-gitem-zone-height-mode-auto vc-gitem-zone-height-mode-auto-1-1 vc_gitem-is-link\" style=\"background-image: url('https:\/\/opussimplex.com\/wp-content\/uploads\/2020\/01\/kepzes-1024x743.jpg') !important;\"><a href=\"https:\/\/opussimplex.com\/english\/atfogo-ceges-kepzes\/\" title=\"Comprehensive training\" class=\"vc_gitem-link vc-zone-link\"><\/a><img decoding=\"async\" src=\"https:\/\/opussimplex.com\/wp-content\/uploads\/2020\/01\/kepzes-1024x743.jpg\" class=\"vc_gitem-zone-img\" alt=\"\"><div class=\"vc_gitem-zone-mini\"><div class=\"vc_gitem_row vc_row vc_gitem-row-position-top\"><div class=\"vc_col-sm-12 vc_gitem-col vc_gitem-col-align-\"><div class=\"vc_custom_heading post-kep-es-cim vc_custom_1584005105368 vc_gitem-post-data vc_gitem-post-data-source-post_title\" ><div style=\"text-align: left\" ><a href=\"https:\/\/opussimplex.com\/english\/atfogo-ceges-kepzes\/\" class=\"vc_gitem-link\" title=\"Comprehensive training\">Comprehensive training<\/a><\/div><\/div><\/div><\/div><\/div><\/div><\/div><\/div><div class=\"vc_clearfix\"><\/div><\/div><div class=\"vc_grid-item vc_clearfix post-kep-es-cim vc_col-sm-4\"><div class=\"vc_grid-item-mini vc_clearfix\"><div class=\"vc_gitem-animated-block  vc_gitem-animate vc_gitem-animate-fadeIn\"  data-vc-animation=\"fadeIn\"\"><div class=\"vc_gitem-zone vc_gitem-zone-a vc-gitem-zone-height-mode-auto vc-gitem-zone-height-mode-auto-1-1 vc_gitem-is-link\" style=\"background-image: url('https:\/\/opussimplex.com\/wp-content\/uploads\/2021\/01\/cooperation0-1024x753.jpeg') !important;\"><a href=\"https:\/\/opussimplex.com\/english\/munkakor-elemzes\/\" title=\"Job analysis\" class=\"vc_gitem-link vc-zone-link\"><\/a><img decoding=\"async\" src=\"https:\/\/opussimplex.com\/wp-content\/uploads\/2021\/01\/cooperation0-1024x753.jpeg\" class=\"vc_gitem-zone-img\" alt=\"\"><div class=\"vc_gitem-zone-mini\"><div class=\"vc_gitem_row vc_row vc_gitem-row-position-top\"><div class=\"vc_col-sm-12 vc_gitem-col vc_gitem-col-align-\"><div class=\"vc_custom_heading post-kep-es-cim vc_custom_1584005105368 vc_gitem-post-data vc_gitem-post-data-source-post_title\" ><div style=\"text-align: left\" ><a href=\"https:\/\/opussimplex.com\/english\/munkakor-elemzes\/\" class=\"vc_gitem-link\" title=\"Job analysis\">Job analysis<\/a><\/div><\/div><\/div><\/div><\/div><\/div><\/div><\/div><div class=\"vc_clearfix\"><\/div><\/div><div class=\"vc_grid-item vc_clearfix post-kep-es-cim vc_col-sm-4\"><div class=\"vc_grid-item-mini vc_clearfix\"><div class=\"vc_gitem-animated-block  vc_gitem-animate vc_gitem-animate-fadeIn\"  data-vc-animation=\"fadeIn\"\"><div class=\"vc_gitem-zone vc_gitem-zone-a vc-gitem-zone-height-mode-auto vc-gitem-zone-height-mode-auto-1-1 vc_gitem-is-link\" style=\"background-image: url('https:\/\/opussimplex.com\/wp-content\/uploads\/2021\/01\/cooperation8.jpeg') !important;\"><a href=\"https:\/\/opussimplex.com\/english\/foglalkoztatasi-hatasvizsgalat-koordinacio\/\" title=\"DPIA coordination\" class=\"vc_gitem-link vc-zone-link\"><\/a><img decoding=\"async\" src=\"https:\/\/opussimplex.com\/wp-content\/uploads\/2021\/01\/cooperation8.jpeg\" class=\"vc_gitem-zone-img\" alt=\"\"><div class=\"vc_gitem-zone-mini\"><div class=\"vc_gitem_row vc_row vc_gitem-row-position-top\"><div class=\"vc_col-sm-12 vc_gitem-col vc_gitem-col-align-\"><div class=\"vc_custom_heading post-kep-es-cim vc_custom_1584005105368 vc_gitem-post-data vc_gitem-post-data-source-post_title\" ><div style=\"text-align: left\" ><a href=\"https:\/\/opussimplex.com\/english\/foglalkoztatasi-hatasvizsgalat-koordinacio\/\" class=\"vc_gitem-link\" title=\"DPIA coordination\">DPIA coordination<\/a><\/div><\/div><\/div><\/div><\/div><\/div><\/div><\/div><div class=\"vc_clearfix\"><\/div><\/div><div class=\"vc_grid-item vc_clearfix post-kep-es-cim vc_col-sm-4\"><div class=\"vc_grid-item-mini vc_clearfix\"><div class=\"vc_gitem-animated-block  vc_gitem-animate vc_gitem-animate-fadeIn\"  data-vc-animation=\"fadeIn\"\"><div class=\"vc_gitem-zone vc_gitem-zone-a vc-gitem-zone-height-mode-auto vc-gitem-zone-height-mode-auto-1-1 vc_gitem-is-link\" style=\"background-image: url('https:\/\/opussimplex.com\/wp-content\/uploads\/2019\/10\/OSlevelpapir.2-1024x682.jpg') !important;\"><a href=\"https:\/\/opussimplex.com\/english\/kkv-foglalkoztatasi-adotervezes\/\" title=\"Employment tax planning for SME\" class=\"vc_gitem-link vc-zone-link\"><\/a><img decoding=\"async\" src=\"https:\/\/opussimplex.com\/wp-content\/uploads\/2019\/10\/OSlevelpapir.2-1024x682.jpg\" class=\"vc_gitem-zone-img\" alt=\"\"><div class=\"vc_gitem-zone-mini\"><div class=\"vc_gitem_row vc_row vc_gitem-row-position-top\"><div class=\"vc_col-sm-12 vc_gitem-col vc_gitem-col-align-\"><div class=\"vc_custom_heading post-kep-es-cim vc_custom_1584005105368 vc_gitem-post-data vc_gitem-post-data-source-post_title\" ><div style=\"text-align: left\" ><a href=\"https:\/\/opussimplex.com\/english\/kkv-foglalkoztatasi-adotervezes\/\" class=\"vc_gitem-link\" title=\"Employment tax planning for SME\">Employment tax planning for SME<\/a><\/div><\/div><\/div><\/div><\/div><\/div><\/div><\/div><div class=\"vc_clearfix\"><\/div><\/div><div class=\"vc_grid-item vc_clearfix post-kep-es-cim vc_col-sm-4\"><div class=\"vc_grid-item-mini vc_clearfix\"><div class=\"vc_gitem-animated-block  vc_gitem-animate vc_gitem-animate-fadeIn\"  data-vc-animation=\"fadeIn\"\"><div class=\"vc_gitem-zone vc_gitem-zone-a vc-gitem-zone-height-mode-auto vc-gitem-zone-height-mode-auto-1-1 vc_gitem-is-link\" style=\"background-image: url('https:\/\/opussimplex.com\/wp-content\/uploads\/2020\/01\/kollektiv_szerzodes-1024x684.jpg') !important;\"><a href=\"https:\/\/opussimplex.com\/english\/kollektiv-szerzodes-felulvizsgalata\/\" title=\"Review of a collective agreement\" class=\"vc_gitem-link vc-zone-link\"><\/a><img decoding=\"async\" src=\"https:\/\/opussimplex.com\/wp-content\/uploads\/2020\/01\/kollektiv_szerzodes-1024x684.jpg\" class=\"vc_gitem-zone-img\" alt=\"\"><div class=\"vc_gitem-zone-mini\"><div class=\"vc_gitem_row vc_row vc_gitem-row-position-top\"><div class=\"vc_col-sm-12 vc_gitem-col vc_gitem-col-align-\"><div class=\"vc_custom_heading post-kep-es-cim vc_custom_1584005105368 vc_gitem-post-data vc_gitem-post-data-source-post_title\" ><div style=\"text-align: left\" ><a href=\"https:\/\/opussimplex.com\/english\/kollektiv-szerzodes-felulvizsgalata\/\" class=\"vc_gitem-link\" title=\"Review of a collective agreement\">Review of a collective agreement<\/a><\/div><\/div><\/div><\/div><\/div><\/div><\/div><\/div><div class=\"vc_clearfix\"><\/div><\/div><\/div><\/div>\n\t<\/div>\n<\/div><\/div><\/div><\/div><\/div>","protected":false},"excerpt":{"rendered":"Foglalkoztat\u00e1si rendszer ki\u00e9p\u00edt\u00e9seMunkak\u00f6r-elemz\u00e9sKKV foglalkoztat\u00e1si ad\u00f3tervez\u00e9s","protected":false},"author":1,"featured_media":0,"parent":0,"menu_order":0,"comment_status":"closed","ping_status":"closed","template":"","meta":{"footnotes":""},"class_list":["post-3004","page","type-page","status-publish","hentry"],"_links":{"self":[{"href":"https:\/\/opussimplex.com\/english\/wp-json\/wp\/v2\/pages\/3004","targetHints":{"allow":["GET"]}}],"collection":[{"href":"https:\/\/opussimplex.com\/english\/wp-json\/wp\/v2\/pages"}],"about":[{"href":"https:\/\/opussimplex.com\/english\/wp-json\/wp\/v2\/types\/page"}],"author":[{"embeddable":true,"href":"https:\/\/opussimplex.com\/english\/wp-json\/wp\/v2\/users\/1"}],"replies":[{"embeddable":true,"href":"https:\/\/opussimplex.com\/english\/wp-json\/wp\/v2\/comments?post=3004"}],"version-history":[{"count":13,"href":"https:\/\/opussimplex.com\/english\/wp-json\/wp\/v2\/pages\/3004\/revisions"}],"predecessor-version":[{"id":4008,"href":"https:\/\/opussimplex.com\/english\/wp-json\/wp\/v2\/pages\/3004\/revisions\/4008"}],"wp:attachment":[{"href":"https:\/\/opussimplex.com\/english\/wp-json\/wp\/v2\/media?parent=3004"}],"curies":[{"name":"wp","href":"https:\/\/api.w.org\/{rel}","templated":true}]}}